 to base 6
-233232111
Convert -11010012 (base 4) to base 11.
-14647
Convert 590473 (base 11) to base 6.
32032404
22120222021200 (base 3) to base 11
26394aa
-21034002 (base 6) to base 5
-124030112
Convert 131130031 (base 4) to base 8.
353415
Convert 55ca32 (base 15) to base 2.
1111100111001101111101
What is 23205311 (base 7) in base 6?
111343405
e706 (base 15) to base 9
73876
Convert 23146670 (base 8) to base 16.
4ccdb8
-165305611 (base 7) to base 16
-ad2336
-12210002110 (base 3) to base 4
-123301332
What is 414144122 (base 5) in base 4?
12201103213
Convert 1234133002 (base 5) to base 11.
1794510
What is 1602a (base 16) in base 15?
1baa4
What is 141915 (base 11) in base 9?
367533
What is -885293 (base 13) in base 11?
-18a2a22
Convert a539 (base 16) to base 13.
16338
13092 (base 12) to base 16
65ae
-22422013 (base 5) to base 13
-70948
What is -130053 (base 14) in base 10?
-653145
9049558 (base 10) to base 6
521544034
Convert 66c48d (base 15) to base 5.
2223322113
Convert 14a148 (base 11) to base 15.
490ed
Convert -1902a46 (base 12) to base 7.
-62313021
-200112201 (base 4) to base 16
-205a1
What is -de72e (base 15) in base 10?
-706994
Convert 1100000111101010111011 (base 2) to base 15.
42b59c
What is 7534352 (base 8) in base 16?
1eb8ea
Convert 1640a36 (base 11) to base 4.
22223001300
11411220 (base 5) to base 15
21ac5
Convert 13552023 (base 7) to base 12.
5149a9
841b0 (base 15) to base 3
210021121110
What is 10565513 (base 8) in base 15?
3030de
26a98 (base 13) to base 15
1657e
Convert -100110101111001001011 (base 2) to base 8.
-4657113
What is -25 (base 11) in base 3?
-1000
fdb2a (base 16) to base 14
1d09aa
What is cb24 (base 13) in base 9?
42672
Convert -24540560 (base 7) to base 12.
-8a7a48
What is 4254527 (base 8) in base 2?
100010101100101010111
-2354632 (base 7) to base 2
-1001001000110010101
-19ebca (base 15) to base 2
-100110100110100010011
What is -570722 (base 10) in base 8?
-2132542
What is -1dc07 (base 14) in base 16?
-12a9f
Convert 3541234 (base 8) to base 2.
11101100001010011100
3ad73 (base 16) to base 13
85914
Convert -2a24 (base 12) to base 8.
-11474
-101110001011101100 (base 2) to base 7
-1415333
Convert 2114203234 (base 5) to base 14.
839866
1a21b (base 13) to base 15
1012d
30312442 (base 5) to base 15
4c7b7
Convert -3041101 (base 5) to base 13.
-19709
What is 2393348 (base 11) in base 3?
21211110210220
2156706 (base 8) to base 13
174631
Convert 1eda1 (base 15) to base 12.
4a507
What is -6dfcf (base 16) in base 10?
-450511
11340132202 (base 5) to base 12
450b923
-195a3 (base 14) to base 6
-1213215
-18130386 (base 9) to base 5
-4313113200
What is 4441342 (base 6) in base 12?
a9252
What is 1438769 (base 11) in base 9?
4575832
-100112312 (base 5) to base 13
-10a871
Convert -5422433 (base 8) to base 10.
-1451291
101113410 (base 5) to base 3
202212001222
-275a5 (base 14) to base 5
-11102130
-121525460 (base 7) to base 15
-a07d1b
What is 20332011313 (base 4) in base 5?
1100221404
Convert -550071 (base 12) to base 16.
-149155
What is 11011000000001011 (base 2) in base 11?
76109
Convert -2dd2a (base 16) to base 7.
-1411126
Convert -27cd9 (base 14) to base 11.
-68081
10000000000001110011 (base 2) to base 6
15123443
-18566 (base 16) to base 3
-12001202002
2222201212 (base 3) to base 6
1132252
-1344323 (base 6) to base 3
-10212110120
3203011301 (base 4) to base 14
1a2da1
What is -221c8 (base 13) in base 8?
-170631
6a941 (base 15) to base 14
8ba82
What is 4123340 (base 5) in base 11?
46663
What is 2478aa9 (base 12) in base 13?
1627476
What is -133510 (base 10) in base 4?
-200212012
274467 (base 10) to base 14
7204b
Convert -1101431331 (base 6) to base 10.
-11839303
-46b904 (base 12) to base 3
-2010220212011
What is -231246 (base 7) in base 10?
-41292
What is -2b8a3 (base 14) in base 2?
-11010100010110111
What is 195b39 (base 13) in base 16?
9c8d2
1221201220002 (base 3) to base 12
420855
What is 33742 (base 10) in base 13?
12487
What is -11011011102222 (base 3) in base 8?
-10327767
What is -11000000 (base 3) in base 10?
-2916
Convert 21002111120 (base 3) to base 4.
202011111
Convert -733387 (base 10) to base 7.
-6143104
Convert -286674 (base 10) to base 6.
-10051110
-443520113 (base 6) to base 16
-7a5eed
-12424224 (base 7) to base 2
-100010100011101000111
What is 100110111001000011010010 (base 2) in base 12?
34b7b82
748998 (base 13) to base 6
134322313
Convert b41a56 (base 12) to base 4.
22301102202
What is -7b232 (base 12) in base 3?
-22100122002
Convert -4025565 (base 7) to base 13.
-1393b6
What is -20332303 (base 6) in base 7?
-4665132
103230 (base 7) to base 10
17955
-1551220 (base 7) to base 16
-34480
What is 1314444154 (base 6) in base 4?
323211203212
Convert 1655301 (base 14) to base 12.
3808305
-1101101100001100100 (base 2) to base 11
-28705a
-c96b1 (base 13) to base 9
-613760
-433444120 (base 5) to base 9
-3443412
Convert 14211320 (base 5) to base 12.
71592
-2000020101111 (base 3) to base 15
-161494
What is 15003515 (base 6) in base 12?
20959b
What is -102221100021110 (base 3) in base 10?
-6344688
307416 (base 9) to base 13
65154
Convert -125590 (base 10) to base 3.
-20101021111
Convert -333611 (base 10) to base 7.
-2556425
What is -aa985 (base 13) in base 16?
-4b7da
15543135 (base 8) to base 2
1101101100011001011101
Convert -16540143 (base 7) to base 6.
-54442340
What is -162003 (base 7) in base 5?
-2010102
Convert 1420274 (base 8) to base 4.
1202002330
What is 4557361 (base 8) in base 14?
2429b3
What is 1120123 (base 13) in base 4?
110003003332
Convert -110010000110100101001 (base 2) to base 14.
-30a453
3012422 (base 5) to base 12
23846
Convert -2825 (base 10) to base 9.
-3778
What is -18b63cc (base 13) in base 2?
-11110111111101011111101
100021210110 (base 3) to base 10
182829
What is -141010104 (base 5) in base 8?
-2575054
Convert 6532 (base 16) to base 9.
38474
-221500502 (base 6) to base 13
-aa2b23
-21012201 (base 4) to base 13
-13c7a
-3241205 (base 7) to base 5
-100142421
Convert -12680 (base 9) to base 2.
-10000110000001
What is 17285562 (base 9) in base 8?
41064564
Convert -6145206 (base 7) to base 13.
-1c91c1
-121093 (base 12) to base 6
-10132303
255553 (base 12) to base 11
387973
Convert 101010111111000001 (base 2) to base 3.
22221111221
-1111111001011100 (base 2) to base 7
-360562
What is -110011001100100 (base 2) in base 4?
-12121210
What is 2204552 (base 6) in base 14?
2c0cc
Convert -101001111011010100001 (base 2) to base 7.
-14451262
Convert -10535126 (base 7) to base 9.
-1646255
Convert 1010110111101001111 (base 2) to base 9.
602520
-92686 (base 13) to base 14
-6b98b
-4560fe (base 16) to base 6
-241242022
Convert 101211012110 (base 3) to base 10.
213015
Convert 1c864b (base 14) to base 12.
413537
Convert -7e831e (base 15) to base 4.
-113011203233
What is 2053750 (base 9) in base 13?
2c5cbc
Convert 10100111100111001 (base 2) to base 7.
505124
-248768a (base 13) to base 9
-23370550
Convert 20023132 (base 4) to base 11.
23197
Convert 44570063 (base 8) to base 6.
542222055
Convert -100ca5 (base 14) to base 8.
-2037241
Convert -11400021 (base 5) to base 14.
-2aa21
Convert -26486 (base 10) to base 15.
-7cab
What is 6458c (base 14) in base 3?
110022202022
6272951 (base 10) to base 7
104214326
-331232103 (base 4) to base 11
-162a46
-100011110001000010010 (base 2) to base 3
-2012112122220
-69b6c (base 13) to base 10
-193088
2c70a3 (base 16) to base 7
33520006
Convert 57491 (base 10) to base 15.
1207b
Convert -22111001112000 (base 3) to base 6.
-240344430
What is 1dc2a (base 15) in base 16?
17bd8
What is 641505 (base 10) in base 5?
131012010
-120010022100 (base 3) to base 13
-a5639
What is -260815 (base 12) in base 2?
-10011000001010010001
Convert 14317 (base 11) to base 3.
1000220120
Convert -110321354 (base 6) to base 13.
-546b62
What is -2241233 (base 7) in base 3?
-112011200122
Convert 1122221111 (base 4) to base 11.
233a52
Convert 131300112 (base 5) to base 8.
2365460
What is -1120211221 (base 3) in base 8?
-75005
Convert 10662b (base 14) to base 16.
879ef
Convert 1466453 (base 7) to base 3.
101020111202
-204247 (base 8) to base 6
-1241355
What is f141 (base 16) in base 3?
10010201110
What is -1013410442 (base 5) in base 6?
-112454140
2325746 (base 11) to base 7
46351541
-4abb7 (base 12) to base 15
-20317
-16046416 (b